{"id":529,"date":"2016-07-11T13:40:00","date_gmt":"2016-07-11T11:40:00","guid":{"rendered":"http:\/\/sailwatersport.de\/?page_id=529"},"modified":"2018-08-03T15:22:21","modified_gmt":"2018-08-03T13:22:21","slug":"toerns","status":"publish","type":"page","link":"https:\/\/sailwatersport.de\/wordpress\/toerns\/","title":{"rendered":"T\u00f6rns"},"content":{"rendered":"<h2>Sommer&nbsp;2019: Griechenland Dodekanes ab Rhodos<\/h2>\n<table style=\"height: 153px;\" width=\"719\">\n<tbody>\n<tr>\n<td>01.01.2019-14.09.2019<\/td>\n<td>ab Rhodos<\/td>\n<td>7 Tage<\/td>\n<td>n\/a<\/td>\n<td>Charter<\/td>\n<\/tr>\n<\/tbody>\n<\/table>\n<p><span style=\"text-decoration: underline;\">Durchgestrichene sind ausgebucht.<\/span><\/p>\n<h2><\/h2>\n<h2>Sommer 2018 bis Sommer 2019<\/h2>\n<table style=\"height: 222px;\" width=\"719\">\n<tbody>\n<tr>\n<td>26.05.2018-02.06.2018<\/td>\n<td>Preveza &#8211; Lavrion<\/td>\n<td>7 Tage<\/td>\n<td>ca. 220 sm<\/td>\n<td>ohne Kostenbeitrag<\/td>\n<\/tr>\n<tr>\n<td>16.06.2018-23.06.2018<\/td>\n<td>Kyladen&nbsp;ab Lavrion<\/td>\n<td>7 Tage<\/td>\n<td>n\/a<\/td>\n<td>Preiskategorie II<\/td>\n<\/tr>\n<tr>\n<td>23.06.2018-02.07.2018<\/td>\n<td>Kyladen&nbsp;ab Lavrion<\/td>\n<td>9 Tage<\/td>\n<td>n\/a<\/td>\n<td>Preiskategorie II<\/td>\n<\/tr>\n<tr>\n<td>04.08.2018-31.12.2018<\/td>\n<td>Dodekanes&nbsp;ab Rhodos<\/td>\n<td>7 Tage<\/td>\n<td>n\/a<\/td>\n<td>Charter<\/td>\n<\/tr>\n<\/tbody>\n<\/table>\n<p>Weitere freie Wochen im Juli, August und September.<br \/>\n<span style=\"text-decoration: underline;\">Durchgestrichene sind ausgebucht.<\/span><\/p>\n<h2><\/h2>\n<h2>Winter 2017 und Fr\u00fchjahr 2018: Karibik<\/h2>\n<table>\n<tbody>\n<tr>\n<td>16.12.2017-23.12.2017<\/td>\n<td>St.Lucia-Guadeloupe<\/td>\n<td>7 Tage<\/td>\n<td>ca. 150 sm<\/td>\n<td>Preiskategorie I<\/td>\n<\/tr>\n<tr>\n<td>23.12.2017-06.01.2017<\/td>\n<td><del>Guadeloupe<\/del><\/td>\n<td>14 Tage<\/td>\n<td>n\/a<\/td>\n<td>Preiskategorie I<\/td>\n<\/tr>\n<tr>\n<td>06.01.2018-13.01.2018<\/td>\n<td><del>Guadeloupe<\/del><\/td>\n<td>7 Tage<\/td>\n<td>n\/a<\/td>\n<td>Preiskategorie I<\/td>\n<\/tr>\n<tr>\n<td>27.01.2018-10.02.2018<\/td>\n<td><del>Guadeloupe-St.Martin<\/del><\/td>\n<td>14 Tage<\/td>\n<td>ca. 180 sm<\/td>\n<td>Preiskategorie&nbsp; *)<\/td>\n<\/tr>\n<tr>\n<td>10.02.2018-24.02.2018<\/td>\n<td><del>St.Martin-BVI<\/del><\/td>\n<td>14 Tage<\/td>\n<td>ca. 250 sm<\/td>\n<td>Preiskategorie&nbsp; *)<\/td>\n<\/tr>\n<tr>\n<td>24.02.2018-10.03.2018<\/td>\n<td>BVI<\/td>\n<td>14 Tage<\/td>\n<td>n\/a<\/td>\n<td>Preiskategorie&nbsp; *)<\/td>\n<\/tr>\n<tr>\n<td>10.03.2018-24.03.2018<\/td>\n<td>BVI<\/td>\n<td>14 Tage<\/td>\n<td>n\/a<\/td>\n<td>Preiskategorie I<\/td>\n<\/tr>\n<\/tbody>\n<\/table>\n<p><span style=\"text-decoration: underline;\">Durchgestrichene sind ausgebucht.<\/span><\/p>\n<p>*) auf Anfrage.<\/p>\n<h2><\/h2>\n<h2>Herbst 2017<\/h2>\n<table>\n<tbody>\n<tr>\n<td>16.09.2017-23.09.2017<\/td>\n<td><del>Preveza-Catania<\/del><\/td>\n<td>7 Tage<\/td>\n<td>ca. 290 sm<\/td>\n<td>Preiskategorie II<\/td>\n<\/tr>\n<tr>\n<td>23.09.2017-02.10.2017<\/td>\n<td><del>Catania-Cagliari<\/del><\/td>\n<td>9 Tage<\/td>\n<td>ca. 300 sm<\/td>\n<td>Preiskategorie III<\/td>\n<\/tr>\n<tr>\n<td>13.10.2017-21.10.2017<\/td>\n<td><del>Carloforte-Mallorca<\/del><\/td>\n<td>8 Tage<\/td>\n<td>ca. 280 sm<\/td>\n<td>Preiskategorie III<\/td>\n<\/tr>\n<tr>\n<td>21.10.2017-29.10.2017<\/td>\n<td><del>Mallorca-Malaga<\/del><\/td>\n<td>8 Tage<\/td>\n<td>ca. 400 sm<\/td>\n<td>Preiskategorie III<\/td>\n<\/tr>\n<tr>\n<td>29.10.2017-11.11.2017<\/td>\n<td><del>Malaga-Gran Canaria<\/del><\/td>\n<td>13 Tage<\/td>\n<td>ca. 780 sm<\/td>\n<td>Preiskategorie II<\/td>\n<\/tr>\n<tr>\n<td>11.11.2017-18.11.2017<\/td>\n<td><del>Vorbereitungst\u00f6rn<\/del><\/td>\n<td>7 Tage<\/td>\n<td>ca. n\/a sm<\/td>\n<td>Preiskategorie IV<\/td>\n<\/tr>\n<tr>\n<td>18.11.2017-16.12.2017<\/td>\n<td><del>Gran Canaria-Saint Lucia ARC2017<\/del><\/td>\n<td>28 Tage<\/td>\n<td>ca. 2900 sm<\/td>\n<td>&nbsp;a.A.<\/td>\n<\/tr>\n<\/tbody>\n<\/table>\n<p><span style=\"text-decoration: underline;\">Durchgestrichene sind ausgebucht.<\/span><\/p>\n<p>Die \u00dcberfahrt mit der ARC2017 ist nat\u00fcrlich eine sehr spannende Sache und vielleicht der Traum des ein oder anderen, den es vielleicht jetzt zu erf\u00fcllen gilt \ud83d\ude42<\/p>\n<h2><\/h2>\n<h2>Sommer 2017<\/h2>\n<p>Unser Segelrevier ist Lefkas\/Preveza und liegt zentral in den&nbsp;Ionische Inseln. Preveza hat eine gute Fluganbindung. <del>Von Juni bis September besteht die M\u00f6glichkeit zu chartern.<\/del><\/p>\n<p><span style=\"text-decoration: underline;\">Durchgestrichene sind ausgebucht.<\/span><\/p>\n<p>Bei Interesse sind im Sommer auch ONE-WAYS m\u00f6glich &#8211; bei Interesse oder Anfragen einfach melden mit Angaben zu Zeitpunkt und Ziel.<\/p>\n<h2><\/h2>\n<h2>Fr\u00fchjahr 2017<\/h2>\n<table>\n<tbody>\n<tr>\n<td>18.03.2017-25.03.2017<\/td>\n<td><span style=\"text-decoration: line-through;\">Lanzarote-Madeira<\/span><\/td>\n<td>7 Tage<\/td>\n<td>ca. 270 sm<\/td>\n<td>Preiskategorie IV<\/td>\n<\/tr>\n<tr>\n<td>25.03.2017-08.04.2017<\/td>\n<td><span style=\"text-decoration: line-through;\">Madeira-Faro<\/span><\/td>\n<td>14 Tage<\/td>\n<td>ca. 650 (470) sm<\/td>\n<td>Preiskategorie IV<\/td>\n<\/tr>\n<tr>\n<td>22.04.2017-28.04.2017<\/td>\n<td><del>Faro-Malaga<\/del><\/td>\n<td>6 Tage<\/td>\n<td>ca. 215 sm<\/td>\n<td>Preiskategorie II<\/td>\n<\/tr>\n<tr>\n<td>28.04.2017-06.05.2017<\/td>\n<td><del>Malaga-Mallorca<\/del><\/td>\n<td>8 Tage<\/td>\n<td>ca. 420 sm<\/td>\n<td>Preiskategorie III<\/td>\n<\/tr>\n<tr>\n<td>06.05.2017-13.05.2017<\/td>\n<td><del>Mallorca-Sardinien<\/del><\/td>\n<td>7 Tage<\/td>\n<td>ca. 380 sm<\/td>\n<td>Preiskategorie III<\/td>\n<\/tr>\n<tr>\n<td>13.05.2017-20.05.2017<\/td>\n<td><del>Sardinien-Sizilien<\/del><\/td>\n<td>7 Tage<\/td>\n<td>ca. 380 sm<\/td>\n<td>Preiskategorie III<\/td>\n<\/tr>\n<tr>\n<td>20.05.2017-27.05.2017<\/td>\n<td><del>Sizilien-Preveza<\/del><\/td>\n<td>7 Tage<\/td>\n<td>ca. 290 sm<\/td>\n<td>Preiskategorie III<\/td>\n<\/tr>\n<\/tbody>\n<\/table>\n<p><span style=\"text-decoration: underline;\">Durchgestrichene sind ausgebucht.<\/span><\/p>\n<p>&nbsp;<\/p>\n<p>&nbsp;<\/p>\n<p>&nbsp;<\/p>\n<h2><span style=\"color: #333333;\"><span class=\"\" style=\"display:block;clear:both;height: 0px;padding-top: 30px;border-top-width:0px;border-bottom-width:0px;\"><\/span>&nbsp;<\/span><\/h2>\n<h2><span style=\"color: #ffffff;\"><strong>Kostenbeitr\u00e4ge<\/strong><\/span><\/h2>\n<p><span class=\"\" style=\"display:block;clear:both;height: 0px;padding-top: 20px;border-top-width:0px;border-bottom-width:0px;\"><\/span><\/p>\n<table>\n<tbody>\n<tr>\n<td><span style=\"color: #ffffff;\">Koje je Tag<\/span><\/td>\n<td><span style=\"color: #ffffff;\">Mitsegler *)<\/span><\/td>\n<\/tr>\n<tr>\n<td><span style=\"color: #ffffff;\">Preisklasse I<\/span><\/td>\n<td><span style=\"color: #ffffff;\">98 \u20ac<\/span><\/td>\n<\/tr>\n<tr>\n<td><span style=\"color: #ffffff;\">Preisklasse II<\/span><\/td>\n<td><span style=\"color: #ffffff;\">85 \u20ac<\/span><\/td>\n<\/tr>\n<tr>\n<td><span style=\"color: #ffffff;\">Preisklasse III<\/span><\/td>\n<td><span style=\"color: #ffffff;\">60 \u20ac<\/span><\/td>\n<\/tr>\n<tr>\n<td><span style=\"color: #ffffff;\">Preisklasse IV<\/span><\/td>\n<td><span style=\"color: #ffffff;\">45 \u20ac<\/span><\/td>\n<\/tr>\n<tr>\n<td><span style=\"color: #ffffff;\">Komplett-Charter je Woche<\/span><\/td>\n<td><span style=\"color: #ffffff;\">ab 1.575 bis 4.600 \u20ac<\/span><\/td>\n<\/tr>\n<\/tbody>\n<\/table>\n<p><span style=\"color: #ffffff;\">*) Vereinsmitglieder erhalten Rabatt und zahlen erm\u00e4ssigte T\u00f6rnbeitr\u00e4ge<\/span><\/p>\n<p><span class=\"\" style=\"display:block;clear:both;height: 0px;padding-top: 50px;border-top-width:0px;border-bottom-width:0px;\"><\/span><\/p>\n","protected":false},"excerpt":{"rendered":"<p>Sommer&nbsp;2019: Griechenland Dodekanes ab Rhodos 01.01.2019-14.09.2019 ab Rhodos 7 Tage n\/a Charter Durchgestrichene sind ausgebucht. Sommer 2018 bis Sommer 2019 26.05.2018-02.06.2018 Preveza &#8211; Lavrion 7 Tage ca. 220 sm ohne Kostenbeitrag 16.06.2018-23.06.2018 Kyladen&nbsp;ab Lavrion 7 Tage n\/a Preiskategorie II 23.06.2018-02.07.2018 Kyladen&nbsp;ab Lavrion [&hellip;]<\/p>\n","protected":false},"author":3,"featured_media":0,"parent":0,"menu_order":0,"comment_status":"closed","ping_status":"closed","template":"full-width-page.php","meta":{"ngg_post_thumbnail":0,"footnotes":""},"class_list":["post-529","page","type-page","status-publish","hentry"],"jetpack_sharing_enabled":true,"_links":{"self":[{"href":"https:\/\/sailwatersport.de\/wordpress\/wp-json\/wp\/v2\/pages\/529","targetHints":{"allow":["GET"]}}],"collection":[{"href":"https:\/\/sailwatersport.de\/wordpress\/wp-json\/wp\/v2\/pages"}],"about":[{"href":"https:\/\/sailwatersport.de\/wordpress\/wp-json\/wp\/v2\/types\/page"}],"author":[{"embeddable":true,"href":"https:\/\/sailwatersport.de\/wordpress\/wp-json\/wp\/v2\/users\/3"}],"replies":[{"embeddable":true,"href":"https:\/\/sailwatersport.de\/wordpress\/wp-json\/wp\/v2\/comments?post=529"}],"version-history":[{"count":78,"href":"https:\/\/sailwatersport.de\/wordpress\/wp-json\/wp\/v2\/pages\/529\/revisions"}],"predecessor-version":[{"id":2188,"href":"https:\/\/sailwatersport.de\/wordpress\/wp-json\/wp\/v2\/pages\/529\/revisions\/2188"}],"wp:attachment":[{"href":"https:\/\/sailwatersport.de\/wordpress\/wp-json\/wp\/v2\/media?parent=529"}],"curies":[{"name":"wp","href":"https:\/\/api.w.org\/{rel}","templated":true}]}}